{"id":651,"date":"2022-07-06T10:29:56","date_gmt":"2022-07-06T10:29:56","guid":{"rendered":"http:\/\/fata-verso.ro\/?page_id=651"},"modified":"2022-07-06T11:06:30","modified_gmt":"2022-07-06T11:06:30","slug":"jocurile-video-si-o-scurta-chestie-despre-ele","status":"publish","type":"page","link":"http:\/\/fata-verso.ro\/index.php\/jocurile-video-si-o-scurta-chestie-despre-ele\/","title":{"rendered":"Jocurile video \u0219i o scurt\u0103 chestie despre ele"},"content":{"rendered":"\n<p class=\"has-text-align-right\">Un text de Horia Petrean<\/p>\n\n\n\n<p><strong>\u00cen urma lecturii romanului <em>Leac pentru o lume banal\u0103 <\/em>de Christian Mckay Heidicker, Horia Petrean, invitatul nostru \u00een episodul \u201eAdolescent \u00een jocuri video\u201d, ne-a l\u0103sat \u00een scris c\u00e2teva g\u00e2nduri despre jocurile video. Lectur\u0103 pl\u0103cut\u0103!<\/strong><\/p>\n\n\n\n<hr class=\"wp-block-separator is-style-wide\"\/>\n\n\n\n<p>Jocurile video nu au ap\u0103rut a\u0219a din neant \u0219i nu s-au materializat dintr-odat\u0103 nici console dedicate lor \u0219i nici juc\u0103tori pasiona\u021bi. Sau poate chiar asta s-a \u00eent\u00e2mplat \u0219i n-am tr\u0103it eu destul s\u0103 v\u0103d asta. Tot ce \u0219tiu e c\u0103 \u00eenc\u0103 de c\u00e2nd eram mic am vrut s\u0103 m\u0103 joc pe ceva. Laptop, telefon, consol\u0103,&nbsp;<em>you name it<\/em>. Dac\u0103 mergeam la cineva acas\u0103 sau la vreo zi de na\u0219tere, s\u0103ream pe consol\u0103 cu prima ocazie.&nbsp;<\/p>\n\n\n\n<p>Prima mea consol\u0103 a fost un Playstation portabil (PSP), adic\u0103 cea mai tare consol\u0103 din lume,&nbsp;<em>ahead of its time<\/em>&nbsp;cu multe chestii \u0219i, de asemenea, primul meu&nbsp;<em>glimpse<\/em>&nbsp;\u00een lumea asta a jocurilor.&nbsp;<\/p>\n\n\n\n<p>Mai apoi am uitat de PSP \u0219i mi-am v\u00e2ndut sufletul industriei jocurilor pe telefon, poate cea mai de rahat inven\u021bie din mediul online \u0219i cel mai u\u0219or mod \u00een care cei de la Tencent pot face bani. \u0218i din \u00eentunericul \u0103sta a fost nevoie de un singur \u0219i un extrem de bun joc,&nbsp;<em>Spider-Man&#x2122;&#xfe0f;<\/em>&nbsp;pentru PS4. Jocul \u0103la a fost singurul motiv pentru care mi-am dorit o consol\u0103 \u0219i singurul motiv pentru care sunt aici acum, sub form\u0103 de cuvinte pe care tocmai le citi\u021bi, ok, am lungit prea mult aceast\u0103 propozi\u021bie m\u0103 opresc punct. (punct)<\/p>\n\n\n\n<p>Povestea lui Peter Parker este una din cele mai accesibile \u0219i emo\u021bionante \u0219i jocul \u0103sta e un&nbsp;<em>must play<\/em>&nbsp;pentru oricine. Am \u00eencercat multe jocuri de atunci \u0219i p\u00e2n\u0103 acum \u0219i este un singur joc care chiar m-a convins c\u0103 jocurile video cu&nbsp;<em>story<\/em>&nbsp;sunt viitorul artei \u0219i al pove\u0219tilor \u00een media.<em>&nbsp;The Last of Us 2<\/em>, ap\u0103rut \u00een 2020, este cel mai bun joc video \u0219i, oric\u00e2t ur\u0103sc s\u0103 zic asta, e mai bun \u0219i dec\u00e2t&nbsp;<em>Spider-Man<\/em>. Eram reticent s\u0103 \u00eencerc jocul \u0103sta dup\u0103 recenziile foarte&nbsp;<em>shitty<\/em>&nbsp;de pe internet \u0219i toat\u0103 drama legat\u0103 de povestea care \u00ee\u0219i luase&nbsp;<em>leak<\/em>&nbsp;pe internet cu c\u00e2teva luni \u00eenainte de lansare, a\u0219a c\u0103, atunci c\u00e2nd am avut de ales \u00eentre asta \u0219i dezastrul cunoscut sub numele de&nbsp;<em>Cyberpunk 2077<\/em>, am ales ultima op\u021biune. \u0218i nu credeam c\u0103 o s\u0103 regret p\u00e2n\u0103 c\u00e2nd o persoan\u0103 foarte drag\u0103 mie mi-a pus un pistol la cap \u0219i m-a \u00eencurajat dr\u0103g\u0103stos s\u0103 joc duologia asta de jocuri numit\u0103&nbsp;<em>The Last of Us<\/em>. Sper c\u0103 nu se sup\u0103r\u0103 pe mine, pentru c\u0103 e un mare&nbsp;<em>gatekeeper<\/em>, dar dac\u0103 vede\u021bi asta \u0219i chiar vre\u021bi s\u0103 m\u0103 asculta\u021bi si s\u0103 \u00eel juca\u021bi, trebuie neap\u0103rat.<\/p>\n\n\n\n<p>Primul e un joc bun, dar al doilea e la alt nivel. Povestea, graficile, muzica, atmosfera, toate sunt la un alt nivel. \u0218i asta vine de la un tip care a jucat o singur\u0103 dat\u0103 jocul.<\/p>\n\n\n\n<p>Dar jocurile cu&nbsp;<em>story<\/em>&nbsp;nu sunt singurele jocuri existente. Exist\u0103 FIFA \u0219i alte jocuri cu sporturi, care, oric\u00e2t de str\u0103ine \u00eemi sunt, au totu\u0219i un merit, acela c\u0103 au f\u0103cut din jocurile video un lucru des \u00eent\u00e2lnit \u00een casele oric\u0103rui microbist. Exist\u0103 jocurile exclusiv online, de la&nbsp;<em>shootere<\/em>&nbsp;ca&nbsp;<em>CS:GO<\/em>&nbsp;\u0219i&nbsp;<em>Valorant<\/em>&nbsp;la jocuri de tactic\u0103 \u0219i cu arene, ca&nbsp;<em>League of Legends<\/em>. Exist\u0103 jocuri de societate online, dar, \u00een loc s\u0103 le \u00een\u0219ir, o s\u0103 zic a\u0219a: dac\u0103 po\u021bi s\u0103 \u00ee\u021bi imaginezi, sigur exist\u0103 un joc care seam\u0103n\u0103 sau e fix precum chestia pe care \u021bi-o imaginezi.<\/p>\n\n\n\n<p>\u201e\u0218i dac\u0103 nu exist\u0103?\u201d, poate va \u00eentreba\u021bi. \u0218i sper c\u0103 da, pentru c\u0103 r\u0103spund \u00een propozi\u021bia urm\u0103toare.&nbsp;<em>Roblox<\/em>,&nbsp;<em>Dreams<\/em>pentru&nbsp;<em>Playstation<\/em>&nbsp;\u0219i&nbsp;<em>Gary\u2019S Mod<\/em>&nbsp;sunt jocuri \u00een care tu po\u021bi s\u0103-\u021bi creezi propriul joc cu unelte u\u0219or de folosit \u0219i \u00een care po\u021bi juca chestii create de al\u021bi oameni.&nbsp;&nbsp;<\/p>\n\n\n\n<p>Lumea jocurilor video e una vast\u0103 \u0219i frumoas\u0103 \u0219i, dac\u0103 v\u0103 las cu ceva \u0219i dac\u0103 mai sunte\u021bi aici, la final, \u0219i chiar a\u021bi avut chef s\u0103 citi\u021bi tot, sper c\u0103 o s\u0103 ie\u0219i\u021bi din zona de confort \u0219i o s\u0103 juca\u021bi un joc video, orice joc video. Dac\u0103 nu ave\u021bi consol\u0103, juca\u021bi pe telefon sau pe laptop, chiar \u0219i pe smart TV, dar v\u0103 rog s\u0103-i da\u021bi acestei forme de art\u0103 o \u0219ans\u0103, pentru c\u0103 nu ve\u021bi regreta. \u0218i dac\u0103 n-o face\u021bi pentru voi, face\u021bi-o pentru copilul \u0103la mic din voi, care ar da orice s\u0103 se joace jocuri cu ATV-uri pe PSP-ul v\u0103rului din Germania.&nbsp;<\/p>\n\n\n\n<hr class=\"wp-block-separator is-style-wide\"\/>\n\n\n\n<p>Acest text face parte din proiectul \u201e<a rel=\"noreferrer noopener\" href=\"http:\/\/fata-verso.ro\/index.php\/2022\/04\/27\/adolescent-in-fictiune\/\" target=\"_blank\">Adolescent \u00een fic\u021biune<\/a>\u201d. Textul a fost realizat sub \u00eendrumarea scriitoarei Adina Popescu.<\/p>\n","protected":false},"excerpt":{"rendered":"<p>Un text de Horia Petrean \u00cen urma lecturii romanului Leac pentru o lume banal\u0103 de Christian Mckay Heidicker, Horia Petrean, invitatul nostru \u00een episodul \u201eAdolescent &hellip; <span class=\"read-more-link\"><a class=\"read-more\" href=\"http:\/\/fata-verso.ro\/index.php\/jocurile-video-si-o-scurta-chestie-despre-ele\/\">Read More &rsaquo;<\/a><\/span><\/p>\n","protected":false},"author":2,"featured_media":0,"parent":0,"menu_order":0,"comment_status":"closed","ping_status":"closed","template":"","meta":{"_mi_skip_tracking":false},"_links":{"self":[{"href":"http:\/\/fata-verso.ro\/index.php\/wp-json\/wp\/v2\/pages\/651"}],"collection":[{"href":"http:\/\/fata-verso.ro\/index.php\/wp-json\/wp\/v2\/pages"}],"about":[{"href":"http:\/\/fata-verso.ro\/index.php\/wp-json\/wp\/v2\/types\/page"}],"author":[{"embeddable":true,"href":"http:\/\/fata-verso.ro\/index.php\/wp-json\/wp\/v2\/users\/2"}],"replies":[{"embeddable":true,"href":"http:\/\/fata-verso.ro\/index.php\/wp-json\/wp\/v2\/comments?post=651"}],"version-history":[{"count":3,"href":"http:\/\/fata-verso.ro\/index.php\/wp-json\/wp\/v2\/pages\/651\/revisions"}],"predecessor-version":[{"id":656,"href":"http:\/\/fata-verso.ro\/index.php\/wp-json\/wp\/v2\/pages\/651\/revisions\/656"}],"wp:attachment":[{"href":"http:\/\/fata-verso.ro\/index.php\/wp-json\/wp\/v2\/media?parent=651"}],"curies":[{"name":"wp","href":"https:\/\/api.w.org\/{rel}","templated":true}]}}